{"id":187,"date":"2025-09-07T23:38:28","date_gmt":"2025-09-08T02:38:28","guid":{"rendered":"https:\/\/clientes.asxmkt.com.br\/contabilidade-boa-vista\/?page_id=187"},"modified":"2025-09-08T01:22:50","modified_gmt":"2025-09-08T04:22:50","slug":"links-contabeis","status":"publish","type":"page","link":"https:\/\/clientes.asxmkt.com.br\/contabilidade-boa-vista\/site\/links-uteis\/links-contabeis\/","title":{"rendered":"Links Cont\u00e1beis"},"content":{"rendered":"<ul>\n<li><a href=\"https:\/\/drcalc.net\/calculos.asp?it=0&#038;ml=Calc\" target=\"_blank\">C\u00e1lculos Financeiros<\/a><\/li>\n<li><a href=\"\u00cdndice de Finan\u00e7as\" target=\"_blank\">\u00cdndice de Finan\u00e7as<\/a><\/li>\n<\/ul>\n","protected":false},"excerpt":{"rendered":"<p>C\u00e1lculos Financeiros \u00cdndice de Finan\u00e7as<\/p>\n","protected":false},"author":1,"featured_media":0,"parent":40,"menu_order":0,"comment_status":"closed","ping_status":"closed","template":"links-uteis-single.php","meta":{"_acf_changed":false,"footnotes":""},"class_list":["post-187","page","type-page","status-publish","hentry"],"acf":[],"_links":{"self":[{"href":"https:\/\/clientes.asxmkt.com.br\/contabilidade-boa-vista\/site\/wp-json\/wp\/v2\/pages\/187","targetHints":{"allow":["GET"]}}],"collection":[{"href":"https:\/\/clientes.asxmkt.com.br\/contabilidade-boa-vista\/site\/wp-json\/wp\/v2\/pages"}],"about":[{"href":"https:\/\/clientes.asxmkt.com.br\/contabilidade-boa-vista\/site\/wp-json\/wp\/v2\/types\/page"}],"author":[{"embeddable":true,"href":"https:\/\/clientes.asxmkt.com.br\/contabilidade-boa-vista\/site\/wp-json\/wp\/v2\/users\/1"}],"replies":[{"embeddable":true,"href":"https:\/\/clientes.asxmkt.com.br\/contabilidade-boa-vista\/site\/wp-json\/wp\/v2\/comments?post=187"}],"version-history":[{"count":3,"href":"https:\/\/clientes.asxmkt.com.br\/contabilidade-boa-vista\/site\/wp-json\/wp\/v2\/pages\/187\/revisions"}],"predecessor-version":[{"id":217,"href":"https:\/\/clientes.asxmkt.com.br\/contabilidade-boa-vista\/site\/wp-json\/wp\/v2\/pages\/187\/revisions\/217"}],"up":[{"embeddable":true,"href":"https:\/\/clientes.asxmkt.com.br\/contabilidade-boa-vista\/site\/wp-json\/wp\/v2\/pages\/40"}],"wp:attachment":[{"href":"https:\/\/clientes.asxmkt.com.br\/contabilidade-boa-vista\/site\/wp-json\/wp\/v2\/media?parent=187"}],"curies":[{"name":"wp","href":"https:\/\/api.w.org\/{rel}","templated":true}]}}